{"id":303,"date":"2024-12-23T10:59:00","date_gmt":"2024-12-23T09:59:00","guid":{"rendered":"http:\/\/192.168.50.96\/?page_id=303"},"modified":"2025-01-01T14:17:08","modified_gmt":"2025-01-01T13:17:08","slug":"oferta","status":"publish","type":"page","link":"https:\/\/www.lselektronik.pl\/autoinstalator\/wordpress\/index.php\/oferta\/","title":{"rendered":"Oferta"},"content":{"rendered":"\n<div class=\"wp-block-cover alignfull\" style=\"min-height:96px;aspect-ratio:unset;\"><span aria-hidden=\"true\" class=\"wp-block-cover__background has-background-dim-70 has-background-dim\" style=\"background-color:#030633\"><\/span><img loading=\"lazy\" decoding=\"async\" width=\"1920\" height=\"1280\" class=\"wp-block-cover__image-background wp-image-33\" alt=\"\" src=\"http:\/\/192.168.50.96\/wp-content\/uploads\/2024\/10\/circuit-6613812_1920.jpg\" data-object-fit=\"cover\" srcset=\"https:\/\/www.lselektronik.pl\/autoinstalator\/wordpress\/wp-content\/uploads\/2024\/10\/circuit-6613812_1920.jpg 1920w, https:\/\/www.lselektronik.pl\/autoinstalator\/wordpress\/wp-content\/uploads\/2024\/10\/circuit-6613812_1920-300x200.jpg 300w, https:\/\/www.lselektronik.pl\/autoinstalator\/wordpress\/wp-content\/uploads\/2024\/10\/circuit-6613812_1920-1024x683.jpg 1024w, https:\/\/www.lselektronik.pl\/autoinstalator\/wordpress\/wp-content\/uploads\/2024\/10\/circuit-6613812_1920-768x512.jpg 768w, https:\/\/www.lselektronik.pl\/autoinstalator\/wordpress\/wp-content\/uploads\/2024\/10\/circuit-6613812_1920-1536x1024.jpg 1536w\" sizes=\"auto, (max-width: 1920px) 100vw, 1920px\" \/><div class=\"wp-block-cover__inner-container has-global-padding is-layout-constrained wp-container-core-cover-is-layout-4383d167 wp-block-cover-is-layout-constrained\">\n<p class=\"has-text-align-center has-large-font-size\"><\/p>\n<\/div><\/div>\n\n\n\n<div class=\"wp-block-group alignwide has-global-padding is-layout-constrained wp-container-core-group-is-layout-3dead192 wp-block-group-is-layout-constrained\" style=\"margin-top:0;margin-bottom:0;padding-top:80px;padding-bottom:80px\">\n<div class=\"wp-block-columns alignwide is-layout-flex wp-container-core-columns-is-layout-9cf8123d wp-block-columns-is-layout-flex\">\n<div class=\"wp-block-column is-layout-flow wp-block-column-is-layout-flow\">\n<figure class=\"wp-block-image size-full\"><img loading=\"lazy\" decoding=\"async\" width=\"2560\" height=\"1707\" src=\"http:\/\/192.168.50.96\/wp-content\/uploads\/2024\/10\/pexels-vojtech-okenka-127162-392018-scaled.jpg\" alt=\"\" class=\"wp-image-119\" srcset=\"https:\/\/www.lselektronik.pl\/autoinstalator\/wordpress\/wp-content\/uploads\/2024\/10\/pexels-vojtech-okenka-127162-392018-scaled.jpg 2560w, https:\/\/www.lselektronik.pl\/autoinstalator\/wordpress\/wp-content\/uploads\/2024\/10\/pexels-vojtech-okenka-127162-392018-300x200.jpg 300w, https:\/\/www.lselektronik.pl\/autoinstalator\/wordpress\/wp-content\/uploads\/2024\/10\/pexels-vojtech-okenka-127162-392018-1024x683.jpg 1024w, https:\/\/www.lselektronik.pl\/autoinstalator\/wordpress\/wp-content\/uploads\/2024\/10\/pexels-vojtech-okenka-127162-392018-768x512.jpg 768w, https:\/\/www.lselektronik.pl\/autoinstalator\/wordpress\/wp-content\/uploads\/2024\/10\/pexels-vojtech-okenka-127162-392018-1536x1024.jpg 1536w, https:\/\/www.lselektronik.pl\/autoinstalator\/wordpress\/wp-content\/uploads\/2024\/10\/pexels-vojtech-okenka-127162-392018-2048x1365.jpg 2048w\" sizes=\"auto, (max-width: 2560px) 100vw, 2560px\" \/><\/figure>\n<\/div>\n\n\n\n<div class=\"wp-block-column is-vertically-aligned-center is-layout-flow wp-block-column-is-layout-flow\" style=\"padding-left:15px\">\n<h2 class=\"wp-block-heading has-text-color has-link-color has-cormorant-font-family wp-elements-e923d45fd9e90412f3172397cdc10559\" style=\"color:#000000;font-size:clamp(18.959px, 1.185rem + ((1vw - 3.2px) * 1.255), 30px);font-style:normal;font-weight:500;line-height:1.2;text-transform:uppercase\">projektowanie urz\u0105dze\u0144 w szerokim spektrum zastosowa\u0144.<\/h2>\n\n\n\n<p class=\"has-text-color has-link-color has-work-sans-font-family wp-elements-9435c5984de4b364e093b263eda1bb1d\" style=\"color:#3d3d3d;font-size:clamp(14px, 0.875rem + ((1vw - 3.2px) * 0.455), 18px);font-style:normal;font-weight:300\"><\/p>\n\n\n\n<p class=\"has-text-color has-link-color has-work-sans-font-family wp-elements-1169634b81418dcfabb1df9f6b470d29\" style=\"color:#000000;font-size:clamp(14px, 0.875rem + ((1vw - 3.2px) * 0.455), 18px);font-style:normal;font-weight:300\">Nasza praca obejmuje opracowanie koncepcji, schemat\u00f3w, projekt p\u0142ytki drukowanej, prototypowanie oraz oprogramowanie mikrokontrolera. Projektujemy urz\u0105dzenia z kolorowymi ekranami LCD TFT.<\/p>\n\n\n\n<p class=\"has-text-color has-link-color has-work-sans-font-family wp-elements-0b86e2f35fad1d758d59da07683ae3f0\" style=\"color:#000000;font-size:clamp(14px, 0.875rem + ((1vw - 3.2px) * 0.455), 18px);font-style:normal;font-weight:300\"><\/p>\n\n\n\n<div class=\"wp-block-buttons is-layout-flex wp-block-buttons-is-layout-flex\">\n<div class=\"wp-block-button has-custom-font-size has-mulish-font-family\" style=\"font-size:clamp(14px, 0.875rem + ((1vw - 3.2px) * 0.227), 16px);\"><a class=\"wp-block-button__link has-text-color has-background has-link-color wp-element-button\" href=\"https:\/\/www.lselektronik.pl\/autoinstalator\/wordpress\/index.php\/kontakt\/\" style=\"border-radius:0px;color:#ffffff;background-color:#0b0b32;padding-top:10px;padding-right:30px;padding-bottom:10px;padding-left:30px\">Skontaktuj si\u0119 z nami<\/a><\/div>\n<\/div>\n<\/div>\n<\/div>\n\n\n\n<div class=\"wp-block-columns alignwide is-layout-flex wp-container-core-columns-is-layout-9cf8123d wp-block-columns-is-layout-flex\">\n<div class=\"wp-block-column is-vertically-aligned-center is-layout-flow wp-block-column-is-layout-flow\" style=\"padding-left:15px\">\n<h2 class=\"wp-block-heading has-text-color has-link-color has-cormorant-font-family wp-elements-ce10449560e34ecd541318bf3e35140f\" id=\"plytki\" style=\"color:#000000;font-size:clamp(18.959px, 1.185rem + ((1vw - 3.2px) * 1.255), 30px);font-style:normal;font-weight:500;line-height:1.2;text-transform:uppercase\">p\u0142ytki wielowarstwowe<\/h2>\n\n\n\n<p class=\"has-text-color has-link-color has-work-sans-font-family wp-elements-ebfd550bbe86465b6b2ab6dece918f67\" style=\"color:#000000;font-size:clamp(14px, 0.875rem + ((1vw - 3.2px) * 0.455), 18px);font-style:normal;font-weight:300\">Opr\u00f3cz projektowania p\u0142ytek PCB jeste\u015bmy w stanie zaoferowa\u0107 Pa\u0144stwu produkcj\u0119 i w zale\u017cno\u015bci od projektu monta\u017c samych p\u0142ytek wielowarstwowych w korzystnych cenach. Dzi\u0119ki wykorzystaniu zaawansowanych technologii mog\u0105 one mie\u0107 od 2 nawet do 20 warstw, a przy wi\u0119kszych zam\u00f3wieniach ich cena mo\u017ce wynie\u015b\u0107 nawet mniej ni\u017c 2 dolary za 1 dm\u00b2. Je\u015bli s\u0105 Pa\u0144stwo zainteresowani t\u0105 ofert\u0105 prosimy o kontakt w celu ustalenia dalszych szczeg\u00f3\u0142\u00f3w.<\/p>\n\n\n\n<p class=\"has-text-color has-link-color has-work-sans-font-family wp-elements-0b86e2f35fad1d758d59da07683ae3f0\" style=\"color:#000000;font-size:clamp(14px, 0.875rem + ((1vw - 3.2px) * 0.455), 18px);font-style:normal;font-weight:300\"><\/p>\n\n\n\n<div class=\"wp-block-buttons is-layout-flex wp-block-buttons-is-layout-flex\">\n<div class=\"wp-block-button has-custom-font-size has-mulish-font-family\" style=\"font-size:clamp(14px, 0.875rem + ((1vw - 3.2px) * 0.227), 16px);\"><a class=\"wp-block-button__link has-text-color has-background has-link-color wp-element-button\" href=\"https:\/\/www.lselektronik.pl\/autoinstalator\/wordpress\/index.php\/kontakt\/\" style=\"border-radius:0px;color:#ffffff;background-color:#0b0b32;padding-top:10px;padding-right:30px;padding-bottom:10px;padding-left:30px\">Skontaktuj si\u0119 z nami<\/a><\/div>\n<\/div>\n<\/div>\n<\/div>\n\n\n\n<div class=\"wp-block-columns alignwide is-layout-flex wp-container-core-columns-is-layout-9cf8123d wp-block-columns-is-layout-flex\">\n<div class=\"wp-block-column is-vertically-aligned-center is-layout-flow wp-block-column-is-layout-flow\" style=\"padding-left:15px\">\n<h2 class=\"wp-block-heading has-text-color has-link-color has-cormorant-font-family wp-elements-9a52947d305f86385eb17e89a217ce7e\" id=\"wyswietlacze\" style=\"color:#000000;font-size:clamp(18.959px, 1.185rem + ((1vw - 3.2px) * 1.255), 30px);font-style:normal;font-weight:500;line-height:1.2;text-transform:uppercase\">Wy\u015bwietlacze<\/h2>\n\n\n\n<p class=\"has-text-color has-link-color has-work-sans-font-family wp-elements-9435c5984de4b364e093b263eda1bb1d\" style=\"color:#3d3d3d;font-size:clamp(14px, 0.875rem + ((1vw - 3.2px) * 0.455), 18px);font-style:normal;font-weight:300\"><\/p>\n\n\n\n<p class=\"has-text-align-left has-text-color has-link-color has-work-sans-font-family wp-elements-dd97ff4509aa06891c184c2f09b53547\" style=\"color:#000000;font-size:clamp(14px, 0.875rem + ((1vw - 3.2px) * 0.455), 18px);font-style:normal;font-weight:300\">Jedn\u0105 z g\u0142\u00f3wnych ofert LSElektronik stanowi\u0105 ekrany TFT charakteryzuj\u0105ce si\u0119 wysok\u0105 ostro\u015bci\u0105 barw i kr\u00f3tkim czasem dost\u0119pu. Cz\u0119sto wykorzystywane i testowane w kolejnych projektach naszej firmy, gwarantuj\u0105 doskona\u0142\u0105 r\u00f3wnowag\u0119 jako\u015bci w stosunku do swojej ceny. Dost\u0119pne s\u0105 wersje zar\u00f3wno dotykowe jak i klasyczne, a ich rozmiary rozpoczynaj\u0105 si\u0119 ju\u017c od 1,7 cala.<\/p>\n\n\n\n<p class=\"has-text-align-left has-text-color has-link-color has-work-sans-font-family wp-elements-ef368bce600ea9bfd96d6cd9de36557e\" style=\"color:#000000;font-size:clamp(14px, 0.875rem + ((1vw - 3.2px) * 0.455), 18px);font-style:normal;font-weight:300\">W przypadku, gdy nie s\u0105 Pa\u0144stwo zainteresowani wy\u0142\u0105cznie samymi wy\u015bwietlaczami, mo\u017cemy zaproponowa\u0107 r\u00f3wnie\u017c zaprojektowanie elektroniki oraz wykonanie oprogramowania, kt\u00f3re pozwoli w pe\u0142ni wykorzysta\u0107 mo\u017cliwo\u015bci oferowanego przez nas sprz\u0119tu w celu zaspokojenia Pa\u0144stwa potrzeb. O szczeg\u00f3\u0142y prosimy pyta\u0107 telefonicznie lub mailowo.<\/p>\n\n\n\n<div class=\"wp-block-buttons is-layout-flex wp-block-buttons-is-layout-flex\">\n<div class=\"wp-block-button has-custom-font-size has-mulish-font-family\" style=\"font-size:clamp(14px, 0.875rem + ((1vw - 3.2px) * 0.227), 16px);\"><a class=\"wp-block-button__link has-text-color has-background has-link-color wp-element-button\" href=\"https:\/\/www.lselektronik.pl\/autoinstalator\/wordpress\/index.php\/kontakt\/\" style=\"border-radius:0px;color:#ffffff;background-color:#0b0b32;padding-top:10px;padding-right:30px;padding-bottom:10px;padding-left:30px\">Skontaktuj si\u0119 z nami<\/a><\/div>\n<\/div>\n<\/div>\n<\/div>\n<\/div>\n\n\n\n<section class=\"wp-block-group alignfull has-text-color has-global-padding is-layout-constrained wp-container-core-group-is-layout-d5226876 wp-block-group-is-layout-constrained\" style=\"color:#3e3e3e;margin-top:0px;padding-top:5.01rem;padding-right:1rem;padding-bottom:3.01rem;padding-left:1rem;font-size:clamp(0.875rem, 0.875rem + ((1vw - 0.2rem) * 0.464), 1.13rem);font-style:normal;font-weight:400;line-height:1.4\">\n<div class=\"wp-block-columns is-layout-flex wp-container-core-columns-is-layout-b59c7d62 wp-block-columns-is-layout-flex\" style=\"margin-bottom:3.01rem\">\n<div class=\"wp-block-column is-layout-flow wp-block-column-is-layout-flow\" style=\"flex-basis:80%\">\n<div class=\"wp-block-group has-global-padding is-content-justification-left is-layout-constrained wp-container-core-group-is-layout-cda3b075 wp-block-group-is-layout-constrained\">\n<h2 class=\"wp-block-heading has-text-align-left has-text-color has-mulish-font-family\" style=\"color:#000000;margin-top:0.51rem;margin-bottom:0.51rem;margin-left:0px;font-size:clamp(1.748rem, 1.748rem + ((1vw - 0.2rem) * 2.295), 3.01rem);font-style:normal;font-weight:500;line-height:1.3\">Pytania?<\/h2>\n<\/div>\n<\/div>\n\n\n\n<div class=\"wp-block-column is-layout-flow wp-block-column-is-layout-flow\" style=\"flex-basis:85%\">\n<div class=\"wp-block-group has-global-padding is-content-justification-center is-layout-constrained wp-block-group-is-layout-constrained\" style=\"padding-top:1.01rem\">\n<p class=\"has-text-align-left has-text-color has-work-sans-font-family\" style=\"color:#010101;margin-top:0px;margin-bottom:0rem;font-size:clamp(0.875rem, 0.875rem + ((1vw - 0.2rem) * 0.427), 1.11rem);font-style:normal;font-weight:600;line-height:1.5\">Masz pomys\u0142 na projekt? Napisz do nas i odkryj jak nasze do\u015bwiadczenie pomo\u017ce Ci w jego sprawnej realizacji.<\/p>\n\n\n\n<div class=\"wp-block-group has-global-padding is-content-justification-left is-layout-constrained wp-container-core-group-is-layout-855bda80 wp-block-group-is-layout-constrained\" style=\"margin-top:1.5rem;padding-top:0px;padding-bottom:0px\">\n<div class=\"wp-block-buttons is-content-justification-left is-layout-flex wp-container-core-buttons-is-layout-7efc3dca wp-block-buttons-is-layout-flex\" style=\"margin-top:0rem;margin-bottom:0rem\">\n<div class=\"wp-block-button has-custom-font-size is-style-fill has-work-sans-font-family\" style=\"font-size:clamp(0.875rem, 0.875rem + ((1vw - 0.2rem) * 0.045), 0.9rem);font-style:normal;font-weight:400;line-height:1.5\"><a class=\"wp-block-button__link has-text-color has-background has-border-color wp-element-button\" href=\"https:\/\/www.lselektronik.pl\/autoinstalator\/wordpress\/index.php\/kontakt\/\" style=\"border-color:#062e1d;border-style:solid;border-width:1px;border-radius:0px;color:#002717;background-color:#ffffff00;padding-top:0.8rem;padding-right:1.8rem;padding-bottom:0.8rem;padding-left:1.8rem\">Skontaktuj si\u0119 z nami<\/a><\/div>\n<\/div>\n<\/div>\n<\/div>\n<\/div>\n<\/div>\n<\/section>\n\n\n\n<div class=\"wp-block-cover alignfull\" style=\"margin-top:0px;margin-bottom:0px;padding-top:0px;padding-bottom:0px;min-height:298px;aspect-ratio:unset;\"><span aria-hidden=\"true\" class=\"wp-block-cover__background has-black-background-color has-background-dim-60 has-background-dim\"><\/span><img loading=\"lazy\" decoding=\"async\" width=\"1280\" height=\"720\" class=\"wp-block-cover__image-background wp-image-44\" alt=\"\" src=\"http:\/\/192.168.50.96\/wp-content\/uploads\/2024\/10\/electrician-1288717_1280.jpg\" data-object-fit=\"cover\" srcset=\"https:\/\/www.lselektronik.pl\/autoinstalator\/wordpress\/wp-content\/uploads\/2024\/10\/electrician-1288717_1280.jpg 1280w, https:\/\/www.lselektronik.pl\/autoinstalator\/wordpress\/wp-content\/uploads\/2024\/10\/electrician-1288717_1280-300x169.jpg 300w, https:\/\/www.lselektronik.pl\/autoinstalator\/wordpress\/wp-content\/uploads\/2024\/10\/electrician-1288717_1280-1024x576.jpg 1024w, https:\/\/www.lselektronik.pl\/autoinstalator\/wordpress\/wp-content\/uploads\/2024\/10\/electrician-1288717_1280-768x432.jpg 768w\" sizes=\"auto, (max-width: 1280px) 100vw, 1280px\" \/><div class=\"wp-block-cover__inner-container has-global-padding is-layout-constrained wp-container-core-cover-is-layout-6e30cc07 wp-block-cover-is-layout-constrained\">\n<h2 class=\"wp-block-heading has-text-align-center has-text-color\" style=\"color:#ffffff;margin-top:0;font-size:clamp(33.419px, 2.089rem + ((1vw - 3.2px) * 3.021), 60px);font-style:normal;font-weight:400;line-height:1\">Tworzenie kompleksowych rozwi\u0105za\u0144 dla Twojej firmy.<\/h2>\n<\/div><\/div>\n","protected":false},"excerpt":{"rendered":"<p>projektowanie urz\u0105dze\u0144 w szerokim spektrum zastosowa\u0144. Nasza praca obejmuje opracowanie koncepcji, schemat\u00f3w, projekt p\u0142ytki drukowanej, prototypowanie oraz oprogramowanie mikrokontrolera. Projektujemy urz\u0105dzenia z kolorowymi ekranami LCD TFT. p\u0142ytki wielowarstwowe Opr\u00f3cz projektowania p\u0142ytek PCB jeste\u015bmy w stanie zaoferowa\u0107 Pa\u0144stwu produkcj\u0119 i w zale\u017cno\u015bci od projektu monta\u017c samych p\u0142ytek wielowarstwowych w korzystnych cenach. Dzi\u0119ki wykorzystaniu zaawansowanych technologii mog\u0105 [&hellip;]<\/p>\n","protected":false},"author":1,"featured_media":0,"parent":0,"menu_order":0,"comment_status":"closed","ping_status":"closed","template":"wp-custom-template-polskie","meta":{"footnotes":""},"class_list":["post-303","page","type-page","status-publish","hentry"],"_links":{"self":[{"href":"https:\/\/www.lselektronik.pl\/autoinstalator\/wordpress\/index.php\/wp-json\/wp\/v2\/pages\/303","targetHints":{"allow":["GET"]}}],"collection":[{"href":"https:\/\/www.lselektronik.pl\/autoinstalator\/wordpress\/index.php\/wp-json\/wp\/v2\/pages"}],"about":[{"href":"https:\/\/www.lselektronik.pl\/autoinstalator\/wordpress\/index.php\/wp-json\/wp\/v2\/types\/page"}],"author":[{"embeddable":true,"href":"https:\/\/www.lselektronik.pl\/autoinstalator\/wordpress\/index.php\/wp-json\/wp\/v2\/users\/1"}],"replies":[{"embeddable":true,"href":"https:\/\/www.lselektronik.pl\/autoinstalator\/wordpress\/index.php\/wp-json\/wp\/v2\/comments?post=303"}],"version-history":[{"count":13,"href":"https:\/\/www.lselektronik.pl\/autoinstalator\/wordpress\/index.php\/wp-json\/wp\/v2\/pages\/303\/revisions"}],"predecessor-version":[{"id":381,"href":"https:\/\/www.lselektronik.pl\/autoinstalator\/wordpress\/index.php\/wp-json\/wp\/v2\/pages\/303\/revisions\/381"}],"wp:attachment":[{"href":"https:\/\/www.lselektronik.pl\/autoinstalator\/wordpress\/index.php\/wp-json\/wp\/v2\/media?parent=303"}],"curies":[{"name":"wp","href":"https:\/\/api.w.org\/{rel}","templated":true}]}}